 + 7 + 849*h**2 - 842*h**2. Give d(9).
-11
Let q(k) = -k**3 + k**2 - 2*k + 1. Let g be q(2). Let v = 12 + g. Let f be (-10)/(-3) - v/15. Let h(r) = r**3 - 3*r**2 - 2*r - 1. Give h(f).
-7
Let g(r) = -r. Let x be g(-7). Let h(d) = -6*d**3 + 4*d + 2 + 4*d**2 + x*d**3 - 2*d**2. Calculate h(-2).
-6
Let w = -162 + 159. Let b(y) = y**2 + 4*y - 4. Let a(r) = -r**2 - 4*r + 4. Let j(s) = 2*a(s) + 3*b(s). Determine j(w).
-7
Let f(t) = -9*t**2 + 4*t + 8. Suppose 0*n + 5*n = 60. Let v(p) = -n + 5*p**2 + 2 + 6 - 2*p. Let u(k) = 4*f(k) + 7*v(k). What is u(3)?
1
Let l(q) = -1 - q - 1 + 3. Let a be (-435)/10*(-12)/9. Let s = a - 57. What is l(s)?
0
Suppose -83 = -4*b + 37. Let h = 77 + -72. Suppose -b = h*q - 5. Let x(t) = -t**3 - 4*t**2 + 5*t + 4. Calculate x(q).
4
Let v(p) = -24*p**3 + 2*p**2 - 1. Let m be v(-1). Suppose -2*r = 3*r + m. Let z be (r - -7)*10/(-4). Let o(a) = -a**2 - 5*a - 5. What is o(z)?
-5
Let p(l) = -l**2 - 2. Let c be 5 - -10*8/(-16). Give p(c).
-2
Suppose -2*w - 8 = -3*z, 0*z = 2*z - 5*w - 20. Let k(d) = -d - 4. Calculate k(z).
-4
Let y(w) = 4*w**3 + w. Suppose -3*x + 2 + 40 = 0. Let p(j) = j**2 + 13*j - 1. Let s be p(-14). Let d = s - x. What is y(d)?
-5
Let w = 1278 + -1275. Let x(s) = s - 11. Calculate x(w).
-8
Let d(y) be the third derivative of -y**5/30 - y**3/6 - 7*y**2 + 46. Let z = 3 - 4. Calculate d(z).
-3
Let u(y) be the second derivative of -y**6/120 + y**5/20 + y**4/8 + y**3/6 + 7*y**2 + 18*y. Let o(z) be the first derivative of u(z). Calculate o(4).
-3
Suppose -58 = -2*r - 16. Let w = r - 23. Let a(g) = -2*g**3 - 2*g**2 - 2*g - 1. Give a(w).
11
Let h(m) be the first derivative of -5 + 10*m - m**2 - 4*m - 10*m - m. Let g(l) = -l**3 + 10*l**2 - 10*l + 13. Let f be g(9). Give h(f).
-13
Let x be (4/(-6) - 24/(-36))/1. Let z(h) = -6*h - 3 + 5*h**2 + 2*h + h**3 + x + 0*h. Determine z(-5).
17
Let y(p) = 7*p + 221 - 228 - 2*p**2 + p**2. Calculate y(6).
-1
Let h(j) = j**2 - 4*j + 4. Let d(x) = -x**2 + 8*x - 7. Let q be d(7). Let f(i) = -i**2 + 11*i - 6. Let c be f(10). Suppose c*p + 4 - 20 = q. Give h(p).
4
Let b(p) be the first derivative of -p**2 + 9*p + 2. Suppose 9 = 10*k - 9*k. What is b(k)?
-9
Let l(g) = g**2 + 5*g - 3. Let p = -5 - 1. Let c be l(p). Let j(h) = -h + 7. Let k be j(c). Let s(y) = -y - 4. What is s(k)?
-8
Let b = 43 + -39. Let c(h) = 4*h**3 - 2 + h**2 - 5*h**3 - 3*h + b*h + 2*h. Calculate c(3).
-11
Let h(c) be the second derivative of 1/6*c**3 + 0 + 4*c**2 + 15*c. Give h(-5).
3
Let g(i) = i**2 + 5*i - 2. Let h be (-3 - (3 + -5))*0. Let u(a) = a**2 + a - 5. Let r be u(h). Determine g(r).
-2
Let w(a) = 29 - 6*a - 6 - 31 - 34 + 13*a. Calculate w(7).
7
Let y(i) = i + 7. Let a = 50 + -22. Suppose 8*v - 4*v = -a. Let j be y(v). Let t(g) = g**3 + g**2 + g + 3. Calculate t(j).
3
Let v(w) = 4*w**2 + 4*w + 1. Let u(n) be the third derivative of 1/20*n**5 + 0*n + 9*n**2 + 1/6*n**3 + 0 + 1/8*n**4. Let a(f) = -3*u(f) + 2*v(f). What is a(0)?
-1
Suppose -f - 5*l + 29 = 0, -l - 3*l + 40 = 5*f. Let y(k) be the second derivative of k**4/12 - k**3/2 - 2*k**2 + 131*k. Calculate y(f).
0
Let w = 36 + -35. Let h(a) be the second derivative of a**5/120 + a**4/24 - 2*a**3 + 2*a. Let k(n) be the second derivative of h(n). Give k(w).
2
Let f(v) = 0 + 152*v + 5 + 1 - 149*v. Give f(9).
33
Suppose -3*j - 2*g - 94 = -272, 3*j - 2*g - 158 = 0. Let o = -56 + j. Let x(q) be the second derivative of q**3/6 - 9*q**2/2 + 3*q. Determine x(o).
-9
Let u(i) = 14 - 4 - 5*i + i**2 - 7. Let s be u(5). Suppose -s*l + 6 = 0, -q + 6*q + 28 = -l. Let y(d) = -d**3 - 6*d**2. Calculate y(q).
0
Suppose -2*f = -80 + 2. Let b be 12/66 - f/33. Let s be 2*(3 + -1)/b. Let h(g) = -g**2 - 5*g. Give h(s).
4
Let j(y) = 1 - 3 - 158*y**2 + 157*y**2 + 2*y. What is j(3)?
-5
Let m(p) = -3*p + 3. Suppose 90 = -8*k + 11*k. Let h = 26 - k. Let x(a) = -a. Let w(c) = h*x(c) + m(c). Give w(-3).
0
Let v(a) = a**3 - 5*a**2 - 5*a - 8. Let s(d) = -d**2 + 16*d - 9. Let f be s(15). Suppose -4*t = 16, -5*n + f = -2*n + 3*t. Determine v(n).
-2
Let p(x) be the second derivative of -1/20*x**5 + 0*x**4 + 0 + 7/2*x**2 - 1/6*x**3 + 17*x. Calculate p(0).
7
Let v(x) = -x**2 - 6*x + 5. Suppose 8*n + 41 = 5*n + 4*z, 0 = 5*z - 25. Determine v(n).
-2
Suppose -12*p - 29 = -13*p. Let u = p + -24. Let r(b) = b**2 + 1. Let d(n) = -7*n**2 + 2*n - 1. Let t(l) = d(l) + 6*r(l). Calculate t(u).
-10
Let p(b) = 2*b + 44. Let x be p(-21). Let j(t) = t - 3*t + 3 + t**2 + 2*t**2. What is j(x)?
11
Let a be 2 + 16/(-6)*-3. Let w be (-68)/a + 2/(-10). Let l(y) = y**2 + 7*y - 1. Give l(w).
-1
Let c(y) be the third derivative of -7*y**4/24 + 3*y**3 - 73*y**2. Calculate c(3).
-3
Let q(l) = 6*l**2 - 6*l + 3. Let p(u) = 3*u**2 - 2*u + 1. Let f(z) = -3*p(z) + q(z). Determine f(1).
-3
Let r(g) be the first derivative of -g**3/3 - 5*g**2/2 - 4*g + 131. Determine r(-5).
-4
Suppose -5*r - 3*d + 4 + 40 = 0, -5*d + 1 = -2*r. Let a(y) = -9 + r + 1 - y. Give a(-6).
5
Let v(h) be the second derivative of 5*h**3/6 + 11*h**2/2 + 189*h. Determine v(-5).
-14
Suppose 10*u + 6*u = 32. Let g(r) = 3*r - 2. Give g(u).
4
Suppose -1 = 21*h + 41. Let q(b) = b**2 - 2. What is q(h)?
2
Let o be 3/2*(-10)/(-15)*3. Let b(j) = j**o + 4*j**2 + 4*j**2 - 5*j**3 + 3*j**3 - 7*j + 8. Give b(7).
8
Let g(a) be the second derivative of -a**4/12 + a**3/2 - a**2/2 + 3*a + 12. Calculate g(4).
-5
Let a(n) = -3*n + 5. Let u be ((-108)/8)/(3/(4 - -20)). Let q = u + 114. Give a(q).
-13
Suppose p - 29 = 1. Let i = 51 - p. Let r be (-90)/i + 4/14. Let w(h) = h**3 + 3*h**2 - h + 2. What is w(r)?
-10
Let n(h) = h**2 - 2*h - 3. Suppose -12 = -10*o + 8*o + 2*z, 3*o - 16 = z. Determine n(o).
12
Let p(z) be the first derivative of z**4/4 - 7*z**3/3 + 5*z**2/2 + 8*z - 13. Let c be p(6). Let d(s) = -1 + 6*s + s**c - 2*s + s + 0. Calculate d(-6).
5
Let z(n) = 18*n**2 - 2*n - 1. Suppose 4*b = -5*d + 1, 0*b - b = d. Give z(b).
19
Let b = 34 - 6. Suppose 0 = 2*t - 3*o + 65, 3*t + o = -93 + 23. Let c = b + t. Let z(n) = -n**2 - n + 1. Give z(c).
-11
Suppose -3*n = -5*n + 12. Suppose -x = v + 22, 3*x = n*v - 3*v + 60. Let i be -10*(v/(-6) + -4). Let p(y) = -y + 2. Give p(i).
-3
Let z(h) be the first derivative of h**3 - 8 - 1/4*h**4 - h**2 + 3*h. Calculate z(3).
-3
Let h(x) be the first derivative of -5/2*x**2 + 1/3*x**3 - 8 + 2*x. Determine h(5).
2
Let m(s) = 3*s**2 + 28*s + 6. Let h be m(-9). Let r be (-2)/(26/(-10) - h). Let v(w) = -w - 6. Give v(r).
-1
Suppose 2 + 1 = n. Let f(c) = 9 + 2*c - n + 1. Suppose 18 = -3*h - 0*h. Determine f(h).
-5
Let w(f) = -7*f**2 - 4*f - 5. Let x(j) = -8*j**2 - 4*j - 6. Let h(a) = -7*w(a) + 6*x(a). Let c be h(-4). Let s(m) = -16*m**2. Calculate s(c).
-16
Let l(w) = -w**2 + 6*w - 6. Let b = -1 + 4. Suppose 0 = 2*c - i - 10, -4*i + 2*i = b*c - 8. Suppose 6 + 10 = -m + c*g, 0 = -5*g + 25. Give l(m).
2
Let j(r) = r - 7. Let l(w) = -w - 9. Let s be l(-10). Let c be 6 + -1 - s - 9. Calculate j(c).
-12
Let w(q) be the second derivative of -q**3/3 + 7*q**2/2 + 2*q. Let k(u) = u**3 + u**2 - 17*u - 9. Let l be k(4). Let y be l*(-7)/6*(-4 - -2). Give w(y).
-7
Let d be -3 - 4/(-8)*8. Suppose -4*j + 2*j = 0. Suppose k + d - 3 = j. Let o(r) = r**3 + r**2 - r - 2. Determine o(k).
8
Let i(q) = -q**3 - 20*q**2 - 19*q - 2. Suppose -147*j + 399 = -168*j. Determine i(j).
-2
Let a(k) = -2*k**2 + k. Suppose 4*t - 60 = 20. Let z be ((-3)/2)/(5/t). Let v be -1 + (0 - z)/2. Calculate a(v).
-6
Let c(b) be the third derivative of -b**8/2240 + b**7/2520 + b**6/360 + 3*b**5/10 + 10*b**2. Let o(p) be the third derivative of c(p). What is o(2)?
-30
Let n(o) = o + 1. Let c(y) = y**3 + 10*y**2 + 3*y - 12. Let j be c(-9). Let f = j + -34. Calculate n(f).
9
Suppose -2*b = -3 + 11. Let s(l) = l**2 + 5*l + 4. Let p(i) = -2*i**2 - 10*i - 9. Let t(f) = -2*p(f) - 5*s(f). Calculate t(b).
2
Let r(f) = 0 + 0 + 7*f + 3. Let i(z) = -8*z - 4. Let d(g) = 6*i(g) + 7*r(g). What is d(-3)?
-6
Let j = -33 - -19. Let l be (16/j)/((-2)/7). Let u(q) = 3 + 3 - q - 4 - l*q**2 - 3. What is u(-1)?
-4
Suppose -3*j = -27 + 6. Suppose -12*m = -j*m - 10. Let v(s) = -6*s**2 + 3*s - 1. Determine v(m).
-19
Let i(d) be the second derivative of d**3/6 + d**2 + 3*d. Suppose 3*o + h = 17, 3*h - 9 = -6*o + 3*o. Determine i(o).
9
Let x(s) = -3*s - 4. Suppose -3*d - 5 = -11. Let j(b) = b**3 - 5*b**2 + 2*b - 1. Let y